posite number?
False
Suppose 22 = 5*g - 2*n + 5, 16 = 4*g - n. Suppose a = -5*t - 23, 4*t = g*a - a - 28. Is a - (94 + -1)/(-3) composite?
True
Let k(m) = m**3 + 12*m**2 + 6*m - 16. Let a be k(-12). Let r = -35 - a. Is r composite?
False
Let b(x) = 16*x**2 + 8*x - 1. Is b(-3) a composite number?
True
Let k be (4/(-10))/(13/585). Let z = 37 + k. Is z a prime number?
True
Suppose 0 = 2*i + 2*y - 121 - 405, -3*i + y = -773. Is i prime?
False
Let j = 52 + -24. Let z = j - 15. Is z a prime number?
True
Let j(t) = t**2 + t + 7. Let d(l) be the second derivative of l**4/12 - l**3/2 + l**2 - l. Let b be d(4). Is j(b) a composite number?
True
Is 1853/((-5)/(25/(-5))) prime?
False
Suppose -3*x - 2*x = 5*p, 5*p = 5*x - 50. Suppose -5*u + 0*u + 265 = 0. Suppose -5*f - 4*n + 665 = 0, -x*n = f - 80 - u. Is f a composite number?
True
Is -116*(15/(-6))/5 a composite number?
True
Let w(s) = -s**3 - s**2 - 2. Let d be w(-2). Suppose 0 = 2*l - 10, -5*y - d*l + 4*l = -795. Is y a composite number?
True
Let f be -2*(-1)/(-2) + 11. Let m be f/(-4)*(-6)/5. Suppose 2*k = 3*a + 19, 53 = 4*k + m*a - 12. Is k a prime number?
False
Let u = 571 + 189. Is (u/(-12))/((-2)/3) a composite number?
True
Suppose -3*c + 3*o = -2*o - 58, -5*c + o + 126 = 0. Suppose 5*v = 3*v - 5*k + c, 0 = -v - 5*k + 23. Is (v + -6 - -6) + 16 composite?
False
Is (-9)/3 + 0 + 1118 a prime number?
False
Let w be (1 + -4)/(0 - 1). Let f(u) = -2*u + 2 + w - 6 + 6*u**2. Is f(3) a composite number?
False
Let a = 55 + 78. Is a a composite number?
True
Let r(p) = -4*p. Let n be r(-1). Suppose 88 - n = 4*o. Is o/(-6)*10*-1 a composite number?
True
Suppose -12 = -2*b - 4. Suppose 0 = -b*r - r + 30. Is (r/3 - -23)/1 a composite number?
True
Let g(z) = 18*z + 3. Let f be g(-7). Let s = 11 - f. Is s a composite number?
True
Let b(y) = -4*y**3 + 3*y**2 - 5*y + 3. Let n be b(3). Is (1 - 2)/(3/n) prime?
True
Let c = -10 + 28. Let w = 37 - c. Is w composite?
False
Let w = 7 + -2. Let h(l) = w*l + 3*l - 2 + 0 - 3. Is h(5) composite?
True
Let s(n) = -2*n - 7. Let j be s(-5). Is 2 + j/(-3) + 306 a prime number?
True
Suppose 956 = 5*l - 349. Suppose -b - 2*b = -l. Is (-4)/6 + b/9 composite?
True
Suppose -4*r + r + 81 = -j, 0 = 2*j - 6. Suppose 5*s = r + 2. Is s a prime number?
False
Is (114/(-12))/((-2)/4) a composite number?
False
Let j = 9 + -4. Suppose 2*c = -4*h + 101 + 279, -2*c = j*h - 474. Is h a composite number?
True
Let d be 2/(-6) + 38/6. Let z = -13 + d. Is -5*-2*z/(-2) composite?
True
Let q(l) = -l**2 - 25*l + 5. Is q(-18) prime?
True
Suppose y + 3*y + 5*b = -17, -4*y = 4*b + 12. Suppose -6 = -y*p + 12. Suppose p = 4*z - o, 3*z - 6*z + 10 = -4*o. Is z composite?
False
Suppose -2 = -4*z - l, 3*z - l + 2*l = 2. Let q be (z/(-3) + 2)/1. Is (2/4)/(q/84) a prime number?
False
Let r(l) = 8*l + 3. Let f be r(5). Suppose 2*j + 5 = f. Is j a prime number?
True
Suppose -3*v + 5*f = -18, 5*v + f = -4*f - 10. Is 83*v - 0/(-5) a prime number?
True
Let o(p) = -p**3 + p**2 - p + 26. Is o(0) a composite number?
True
Suppose -3*w + 8 = -7. Suppose -2*p - 5*c = -c + 12, c = 4*p - 12. Suppose -w*l + 0*x + x + 1118 = 0, -2*l - p*x + 440 = 0. Is l prime?
True
Let i(o) = 19*o**2 - 47*o - 29. Is i(-19) prime?
True
Suppose 5*y - 3*g - 360 = 0, -4*y = -5*g - 0 - 301. Is -3 + 3 + -2 + y a composite number?
False
Let i(m) = m**3 - 10*m**2 + 11*m - 11. Let l be i(8). Let d = l + 104. Is d composite?
False
Is 8 - 5 - (1 - 7077) a prime number?
True
Suppose -4*q = -2*v - 2*v + 4, 5*v + 1 = -q. Let u be q/4 - (-867)/12. Suppose -10 = -p + 3*l + 31, u = 2*p - l. Is p prime?
False
Let b(o) = 12*o**2 - o + 3. Let q(z) = -z**2 - 9*z - 10. Let d be q(-7). Is b(d) prime?
True
Let b = 113 + -60. Is b a prime number?
True
Suppose 25 = 4*r - 9*r, 2*r = -2*s + 172. Is s a prime number?
False
Let t be (-465)/(-4) - (-3)/(-12). Suppose 5*k = 7*k - t. Is k a composite number?
True
Let d = 675 + -368. Is d prime?
True
Suppose 4*o + 0*s - 658 = 2*s, -5*s = 4*o - 637. Is o a composite number?
False
Let q(i) = -i**2 - 3*i + 3. Let u be q(-3). Let n = u + -1. Let d = n + 11. Is d composite?
False
Suppose -519 = -3*k + 12. Suppose -2*c = -5*c - 300. Let f = c + k. Is f composite?
True
Let s = -7 + 3. Let a be (-7)/(-4) - 1/s. Suppose 0 = -a*u + 2*d + 118, 4*u - 4*d - 216 = -5*d. Is u composite?
True
Let o(f) = 72*f**2 - f + 5. Is o(6) a composite number?
False
Let f(x) = 273*x**2 - 5. Is f(-2) prime?
True
Suppose 3*n = 4*n - 127. Is n a composite number?
False
Let u = -13 + 3. Let k be (u/(-3))/((-1)/(-129)). Let j = k - 299. Is j prime?
True
Let h = 2 - 6. Let z be 0 + 1 + (-520)/h. Is z + (1/1 - 1) a prime number?
True
Let l(y) = 3*y - 3*y + y**2 + 5 - 2*y**2 - y. Let a be l(0). Suppose -4*j + j + 30 = a*w, 0 = 5*j + 2*w - 50. Is j prime?
False
Let f be (25/(-15))/(2/(-6)). Let i be (0 - 2) + (0 - -22). Suppose f*x = i, 4*x - 14 - 59 = -n. Is n a prime number?
False
Let n = 1424 - 337. Is n composite?
False
Suppose 2*r - 25 = -3*r. Suppose h - 6 = -p + 2*p, 0 = -r*p - 20. Suppose 0 = -h*m + 355 + 67. Is m composite?
False
Let t(v) = v - 6. Let z be t(6). Suppose z = 5*s - 127 - 3. Is s composite?
True
Let s = -9 + -4. Let j = s - -68. Is j a composite number?
True
Let x(g) be the third derivative of g**6/120 - g**5/20 - g**4/12 + g**3/3 - 3*g**2. Let f be x(-2). Is 306/4 + (-7)/f prime?
False
Suppose 5 = -n + 3. Let c be 1 + n/(-2)*-5. Is (-617)/c - 3/(-4) a prime number?
False
Let z(j) = 7*j**2 + 6. Is z(3) a composite number?
True
Let l = 0 - -4. Suppose 0 = -2*t - l*g + 14, 4*t + 2*g + 2 = 6*t. Suppose -2*c = -c + 5*s - 127, -t*c = 4*s - 381. Is c a composite number?
False
Let y(n) = -3 - 2*n + 0*n**2 + 3*n**2 + n**2 - n**2. Let c be (-4)/6 + (-4)/3. Is y(c) a prime number?
True
Let a(k) = 2*k**3 + 16*k**2 + 21*k + 3. Is a(8) a prime number?
False
Let c = 405 - 65. Suppose -m = 3*m - c. Is m a prime number?
False
Let k(v) = 3*v**3 - 3*v**2 + 4*v**2 - 2*v**2. Let r be k(1). Is (1 - r)*-39*1 composite?
True
Let r(c) = -2*c. Let n be r(-2). Let a be ((-24)/7)/(n/(-42)). Suppose -a = -4*w - 4*b, -4*b - 80 = -5*w + 1. Is w composite?
False
Suppose 5*h + 2 = 2*p + 7, 4*h + 4*p = 4. Suppose -4*s + h = 3*y + 3, 0 = 3*y - 3*s - 12. Suppose 447 = 5*t + y. Is t composite?
False
Let m = -4 + 4. Is -3 - -17 - (0 + m) prime?
False
Let c(v) = -2 + 7*v - 11*v + 6*v. Let d be c(2). Suppose d*u = 7*u - 275. Is u prime?
False
Let i(l) = -4*l - 2. Let w(r) = 11*r + 5. Let x(c) = 8*i(c) + 3*w(c). Is x(4) composite?
False
Suppose k - 1 = 7. Let i be k/2 + (-3 - -2). Suppose s + 46 = i*s. Is s composite?
False
Let s = -3 - -7. Suppose -s*t = -t - 6. Let r = t - -31. Is r a prime number?
False
Suppose -y + 855 = 4*d, 3*y - 1588 - 937 = -2*d. Is y a prime number?
True
Let p(n) = -n**2 + 1. Let d(o) = o + 4. Let z be d(-6). Let g be p(z). Is 39*(1 + g/9) a prime number?
False
Let b(n) = -n**2 + 6*n + 6. Let w be b(7). Let r be w + 0 + 1 + 131. Suppose -r - 89 = -4*t. Is t prime?
False
Let x = -109 - -164. Let o = 100 - x. Suppose 3*n - 384 - o = 0. Is n a prime number?
False
Suppose 3*l + 201 = 3*y, -2*y + 0*y + 131 = -l. Suppose -5*z = -0*z + 4*j - 177, -2*z + y = 5*j. Is z composite?
False
Is (2 - 145/2)*(-64)/48 prime?
False
Let z = -157 + 380. Is z composite?
False
Suppose 0 = 4*j + 2*s - 5*s, 0 = 4*j - 4*s. Let v(h) = 3*h**2 - h - 1. Let a be v(-1). Suppose j = -0*i - a*i + 111. Is i composite?
False
Suppose 2*f + 3*j = -j + 1470, -5*f + 3745 = -4*j. Is f a prime number?
False
Let p = -111 - -173. Let u = -41 + p. Let n = -2 + u. Is n a composite number?
False
Suppose 4*r - d = 12, -3*r + 3 = 5*d - 6. Suppose r*y + 1 = 10. Is 3 - (-1 + (-165)/y) composite?
False
Let a = -2 - -3. Let j be 4 - (0 - (-1 + a)). Suppose 35 = j*w - 3*w. Is w a prime number?
False
Let v = 19 - -2. Is v a composite number?
True
Let n(s) = 4*s**2 + 3*s + 2. Let u be n(-5). Suppose -z = -3*v + v - 23, -5*z - 4*v + u = 0. Is z a prime number?
True
Is (116/6)/((-10)/(-615)) prime?
False
Suppose 0 = -m + 3*g + 685, 4*m - 1378 = 2*m + 2*g. Is m prime?
True
Suppose 0 = -3*b - 2*g, 0 = 3*b - b + g - 1. Suppose b*c + 2*c = 1884. Is c prime?
False
Let k(w) = -3*w**2 + 4*w - 2. Let g be k(2). Let x(f) = -f**3 - 5*f**2 - 6*f - 7. Is x(g) a composite number?
True
Let x be (-224)/(-6)*(6 + 0). Let k = x